{"id":106,"date":"2019-09-27T08:38:37","date_gmt":"2019-09-27T08:38:37","guid":{"rendered":"https:\/\/bridge257.qodeinteractive.com\/?page_id=106"},"modified":"2024-07-08T14:27:28","modified_gmt":"2024-07-08T14:27:28","slug":"about-us","status":"publish","type":"page","link":"https:\/\/montriego.com\/index.php\/about-us\/","title":{"rendered":"Nosotros"},"content":{"rendered":"\t\t<div data-elementor-type=\"wp-page\" data-elementor-id=\"106\" class=\"elementor elementor-106\">\n\t\t\t\t\t\t\t\t\t<section class=\"elementor-section elementor-top-section elementor-element elementor-element-40cb4cd elementor-section-full_width elementor-hidden-tablet elementor-hidden-phone elementor-section-height-default elementor-section-height-default parallax_section_no qode_elementor_container_no\" data-id=\"40cb4cd\" data-element_type=\"section\">\n\t\t\t\t\t\t<div class=\"elementor-container elementor-column-gap-default\">\n\t\t\t\t\t<div class=\"elementor-column elementor-col-100 elementor-top-column elementor-element elementor-element-5bea6d8\" data-id=\"5bea6d8\" data-element_type=\"column\">\n\t\t\t<div class=\"elementor-widget-wrap elementor-element-populated\">\n\t\t\t\t\t\t\t\t<div class=\"elementor-element elementor-element-7df63cc elementor-widget elementor-widget-text-editor\" data-id=\"7df63cc\" data-element_type=\"widget\" data-widget_type=\"text-editor.default\">\n\t\t\t\t<div class=\"elementor-widget-container\">\n\t\t\t<style>\/*! elementor - v3.17.0 - 08-11-2023 *\/\n.elementor-widget-text-editor.elementor-drop-cap-view-stacked .elementor-drop-cap{background-color:#69727d;color:#fff}.elementor-widget-text-editor.elementor-drop-cap-view-framed .elementor-drop-cap{color:#69727d;border:3px solid;background-color:transparent}.elementor-widget-text-editor:not(.elementor-drop-cap-view-default) .elementor-drop-cap{margin-top:8px}.elementor-widget-text-editor:not(.elementor-drop-cap-view-default) .elementor-drop-cap-letter{width:1em;height:1em}.elementor-widget-text-editor .elementor-drop-cap{float:left;text-align:center;line-height:1;font-size:50px}.elementor-widget-text-editor .elementor-drop-cap-letter{display:inline-block}<\/style>\t\t\t\t<h1>Qui\u00e9nes somos<\/h1>\t\t\t\t\t\t<\/div>\n\t\t\t\t<\/div>\n\t\t\t\t\t<\/div>\n\t\t<\/div>\n\t\t\t\t\t\t\t<\/div>\n\t\t<\/section>\n\t\t\t\t<section class=\"elementor-section elementor-top-section elementor-element elementor-element-e9ef91c qode_elementor_container_inner elementor-section-boxed elementor-section-height-default elementor-section-height-default parallax_section_no\" data-id=\"e9ef91c\" data-element_type=\"section\">\n\t\t\t\t\t\t<div class=\"elementor-container elementor-column-gap-default\">\n\t\t\t\t\t<div class=\"elementor-column elementor-col-50 elementor-top-column elementor-element elementor-element-59e065a\" data-id=\"59e065a\" data-element_type=\"column\">\n\t\t\t<div class=\"elementor-widget-wrap elementor-element-populated\">\n\t\t\t\t\t\t\t\t<div class=\"elementor-element elementor-element-0668617 elementor-widget elementor-widget-text-editor\" data-id=\"0668617\" data-element_type=\"widget\" data-widget_type=\"text-editor.default\">\n\t\t\t\t<div class=\"elementor-widget-container\">\n\t\t\t\t\t\t\t<h3>Somos una Empresa\nmexicana con m\u00e1s\nde 10 a\u00f1os de\nexperiencia<\/h3>\t\t\t\t\t\t<\/div>\n\t\t\t\t<\/div>\n\t\t\t\t<div class=\"elementor-element elementor-element-9222c8f elementor-widget elementor-widget-text-editor\" data-id=\"9222c8f\" data-element_type=\"widget\" data-widget_type=\"text-editor.default\">\n\t\t\t\t<div class=\"elementor-widget-container\">\n\t\t\t\t\t\t\t<p>Ofreciendo servicios y asesor\u00eda en el \u00e1rea de la construccion. Para nosotros es muy importante trabajar de la mano con nuestros clientes, conocer sus necesidades y asi buscar las mejores soluciones que aseguren los resultados y protejan los recursos del proyecto.<\/p><p>\u00a0<\/p><p>Utilizamos productos de alta gama, eliminando intermediarios y reduciendo costos indirectos.<\/p><p>\u00a0<\/p><p>Nuestros principios son la \u00e9tica, honestidad, trabajo en equipo, respeto hacia el personal y clientes, para siempre brindar un servicio de primera calidad.<\/p><p>\u00a0<\/p><p>Estamos a la vanguardia de la tecnolog\u00eda, maquinaria y procesos buscando superar las expectativas en calidad y tiempos de nuestros servicios.<\/p>\t\t\t\t\t\t<\/div>\n\t\t\t\t<\/div>\n\t\t\t\t\t<\/div>\n\t\t<\/div>\n\t\t\t\t<div class=\"elementor-column elementor-col-50 elementor-top-column elementor-element elementor-element-5011300\" data-id=\"5011300\" data-element_type=\"column\">\n\t\t\t<div class=\"elementor-widget-wrap elementor-element-populated\">\n\t\t\t\t\t\t\t\t<div class=\"elementor-element elementor-element-952ec80 elementor-widget elementor-widget-image\" data-id=\"952ec80\" data-element_type=\"widget\" data-widget_type=\"image.default\">\n\t\t\t\t<div class=\"elementor-widget-container\">\n\t\t\t<style>\/*! elementor - v3.17.0 - 08-11-2023 *\/\n.elementor-widget-image{text-align:center}.elementor-widget-image a{display:inline-block}.elementor-widget-image a img[src$=\".svg\"]{width:48px}.elementor-widget-image img{vertical-align:middle;display:inline-block}<\/style>\t\t\t\t\t\t\t\t\t\t\t\t<img fetchpriority=\"high\" decoding=\"async\" width=\"1300\" height=\"797\" src=\"https:\/\/montriego.com\/wp01\/wp-content\/uploads\/2019\/09\/p1-img-04.jpg\" class=\"attachment-full size-full wp-image-156\" alt=\"a\" srcset=\"https:\/\/montriego.com\/wp01\/wp-content\/uploads\/2019\/09\/p1-img-04.jpg 1300w, https:\/\/montriego.com\/wp01\/wp-content\/uploads\/2019\/09\/p1-img-04-300x184.jpg 300w, https:\/\/montriego.com\/wp01\/wp-content\/uploads\/2019\/09\/p1-img-04-1024x628.jpg 1024w, https:\/\/montriego.com\/wp01\/wp-content\/uploads\/2019\/09\/p1-img-04-768x471.jpg 768w, https:\/\/montriego.com\/wp01\/wp-content\/uploads\/2019\/09\/p1-img-04-700x429.jpg 700w\" sizes=\"(max-width: 1300px) 100vw, 1300px\" \/>\t\t\t\t\t\t\t\t\t\t\t\t\t\t\t<\/div>\n\t\t\t\t<\/div>\n\t\t\t\t\t<\/div>\n\t\t<\/div>\n\t\t\t\t\t\t\t<\/div>\n\t\t<\/section>\n\t\t\t\t<section class=\"elementor-section elementor-top-section elementor-element elementor-element-a4eb2b5 elementor-section-full_width elementor-hidden-tablet elementor-hidden-phone elementor-section-height-default elementor-section-height-default parallax_section_no qode_elementor_container_no\" data-id=\"a4eb2b5\" data-element_type=\"section\">\n\t\t\t\t\t\t<div class=\"elementor-container elementor-column-gap-default\">\n\t\t\t\t\t<div class=\"elementor-column elementor-col-100 elementor-top-column elementor-element elementor-element-0b15442\" data-id=\"0b15442\" data-element_type=\"column\">\n\t\t\t<div class=\"elementor-widget-wrap elementor-element-populated\">\n\t\t\t\t\t\t\t\t<div class=\"elementor-element elementor-element-ee82c08 elementor-widget elementor-widget-text-editor\" data-id=\"ee82c08\" data-element_type=\"widget\" data-widget_type=\"text-editor.default\">\n\t\t\t\t<div class=\"elementor-widget-container\">\n\t\t\t\t\t\t\t<h1>MONTRIEGO<\/h1>\t\t\t\t\t\t<\/div>\n\t\t\t\t<\/div>\n\t\t\t\t\t<\/div>\n\t\t<\/div>\n\t\t\t\t\t\t\t<\/div>\n\t\t<\/section>\n\t\t\t\t<section class=\"elementor-section elementor-top-section elementor-element elementor-element-cb94d13 qode_elementor_container_inner elementor-section-boxed elementor-section-height-default elementor-section-height-default parallax_section_no\" data-id=\"cb94d13\" data-element_type=\"section\">\n\t\t\t\t\t\t<div class=\"elementor-container elementor-column-gap-default\">\n\t\t\t\t\t<div class=\"elementor-column elementor-col-50 elementor-top-column elementor-element elementor-element-17c29d2\" data-id=\"17c29d2\" data-element_type=\"column\">\n\t\t\t<div class=\"elementor-widget-wrap elementor-element-populated\">\n\t\t\t\t\t\t\t\t<div class=\"elementor-element elementor-element-e65be4d elementor-widget elementor-widget-image\" data-id=\"e65be4d\" data-element_type=\"widget\" data-widget_type=\"image.default\">\n\t\t\t\t<div class=\"elementor-widget-container\">\n\t\t\t\t\t\t\t\t\t\t\t\t\t\t\t<img decoding=\"async\" width=\"1100\" height=\"1059\" src=\"https:\/\/montriego.com\/wp01\/wp-content\/uploads\/2019\/10\/h5-port-img-13.jpg\" class=\"attachment-full size-full wp-image-629\" alt=\"a\" srcset=\"https:\/\/montriego.com\/wp01\/wp-content\/uploads\/2019\/10\/h5-port-img-13.jpg 1100w, https:\/\/montriego.com\/wp01\/wp-content\/uploads\/2019\/10\/h5-port-img-13-300x289.jpg 300w, https:\/\/montriego.com\/wp01\/wp-content\/uploads\/2019\/10\/h5-port-img-13-1024x986.jpg 1024w, https:\/\/montriego.com\/wp01\/wp-content\/uploads\/2019\/10\/h5-port-img-13-768x739.jpg 768w, https:\/\/montriego.com\/wp01\/wp-content\/uploads\/2019\/10\/h5-port-img-13-700x674.jpg 700w\" sizes=\"(max-width: 1100px) 100vw, 1100px\" \/>\t\t\t\t\t\t\t\t\t\t\t\t\t\t\t<\/div>\n\t\t\t\t<\/div>\n\t\t\t\t\t<\/div>\n\t\t<\/div>\n\t\t\t\t<div class=\"elementor-column elementor-col-50 elementor-top-column elementor-element elementor-element-427827c\" data-id=\"427827c\" data-element_type=\"column\">\n\t\t\t<div class=\"elementor-widget-wrap elementor-element-populated\">\n\t\t\t\t\t\t\t\t<div class=\"elementor-element elementor-element-9ea21b2 elementor-widget elementor-widget-text-editor\" data-id=\"9ea21b2\" data-element_type=\"widget\" data-widget_type=\"text-editor.default\">\n\t\t\t\t<div class=\"elementor-widget-container\">\n\t\t\t\t\t\t\t<h3>grupo montriego<\/h3>\t\t\t\t\t\t<\/div>\n\t\t\t\t<\/div>\n\t\t\t\t<div class=\"elementor-element elementor-element-76eea4e elementor-widget elementor-widget-text-editor\" data-id=\"76eea4e\" data-element_type=\"widget\" data-widget_type=\"text-editor.default\">\n\t\t\t\t<div class=\"elementor-widget-container\">\n\t\t\t\t\t\t\t<p>Grupo Montriego es una empresa 100% responsable con el medio ambiente y no discrimina a ninguna persona por motivos de raza, religi\u00f3n, sexo, etnia, posici\u00f3n social o por discapacidad.<\/p>\t\t\t\t\t\t<\/div>\n\t\t\t\t<\/div>\n\t\t\t\t<div class=\"elementor-element elementor-element-93d4eaf elementor-widget elementor-widget-bridge_icon_text\" data-id=\"93d4eaf\" data-element_type=\"widget\" data-widget_type=\"bridge_icon_text.default\">\n\t\t\t\t<div class=\"elementor-widget-container\">\n\t\t\t<div class='q_icon_with_title tiny normal_icon '><div class=\"icon_holder \" style=\" \"><span data-icon-type=\"normal\"   style=\"font-size: 14px;\" class=\"qode_iwt_icon_holder q_font_awsome_icon fa-lg  \"><span aria-hidden=\"true\" class=\"qode_icon_font_elegant icon_box-checked qode_iwt_icon_element\" style=\"color: #7A7A7A;\" ><\/span><\/span><\/div><div class=\"icon_text_holder\" style=\"padding-left:28px;\"><div class=\"icon_text_inner\" style=\"\"><h6 class=\"icon_title\" style=\"\"><\/h6><p style=''>\u00c9tica<\/p><\/div><\/div><\/div>\t\t<\/div>\n\t\t\t\t<\/div>\n\t\t\t\t<div class=\"elementor-element elementor-element-c55ec77 elementor-widget elementor-widget-bridge_icon_text\" data-id=\"c55ec77\" data-element_type=\"widget\" data-widget_type=\"bridge_icon_text.default\">\n\t\t\t\t<div class=\"elementor-widget-container\">\n\t\t\t<div class='q_icon_with_title tiny normal_icon '><div class=\"icon_holder \" style=\" \"><span data-icon-type=\"normal\"   style=\"font-size: 14px;\" class=\"qode_iwt_icon_holder q_font_awsome_icon fa-lg  \"><span aria-hidden=\"true\" class=\"qode_icon_font_elegant icon_box-checked qode_iwt_icon_element\" style=\"color: #7A7A7A;\" ><\/span><\/span><\/div><div class=\"icon_text_holder\" style=\"padding-left:28px;\"><div class=\"icon_text_inner\" style=\"\"><h6 class=\"icon_title\" style=\"\"><\/h6><p style=''>Honestidad<\/p><\/div><\/div><\/div>\t\t<\/div>\n\t\t\t\t<\/div>\n\t\t\t\t<div class=\"elementor-element elementor-element-d154c68 elementor-widget elementor-widget-bridge_icon_text\" data-id=\"d154c68\" data-element_type=\"widget\" data-widget_type=\"bridge_icon_text.default\">\n\t\t\t\t<div class=\"elementor-widget-container\">\n\t\t\t<div class='q_icon_with_title tiny normal_icon '><div class=\"icon_holder \" style=\" \"><span data-icon-type=\"normal\"   style=\"font-size: 14px;\" class=\"qode_iwt_icon_holder q_font_awsome_icon fa-lg  \"><span aria-hidden=\"true\" class=\"qode_icon_font_elegant icon_box-checked qode_iwt_icon_element\" style=\"color: #7A7A7A;\" ><\/span><\/span><\/div><div class=\"icon_text_holder\" style=\"padding-left:28px;\"><div class=\"icon_text_inner\" style=\"\"><h6 class=\"icon_title\" style=\"\"><\/h6><p style=''>Responsabilidad<\/p><\/div><\/div><\/div>\t\t<\/div>\n\t\t\t\t<\/div>\n\t\t\t\t<div class=\"elementor-element elementor-element-44dda80 elementor-widget elementor-widget-bridge_icon_text\" data-id=\"44dda80\" data-element_type=\"widget\" data-widget_type=\"bridge_icon_text.default\">\n\t\t\t\t<div class=\"elementor-widget-container\">\n\t\t\t<div class='q_icon_with_title tiny normal_icon '><div class=\"icon_holder \" style=\" \"><span data-icon-type=\"normal\"   style=\"font-size: 14px;\" class=\"qode_iwt_icon_holder q_font_awsome_icon fa-lg  \"><span aria-hidden=\"true\" class=\"qode_icon_font_elegant icon_box-checked qode_iwt_icon_element\" style=\"color: #7A7A7A;\" ><\/span><\/span><\/div><div class=\"icon_text_holder\" style=\"padding-left:28px;\"><div class=\"icon_text_inner\" style=\"\"><h6 class=\"icon_title\" style=\"\"><\/h6><p style=''>Trabajo en equipo<\/p><\/div><\/div><\/div>\t\t<\/div>\n\t\t\t\t<\/div>\n\t\t\t\t\t<\/div>\n\t\t<\/div>\n\t\t\t\t\t\t\t<\/div>\n\t\t<\/section>\n\t\t\t\t\t\t\t<\/div>\n\t\t","protected":false},"excerpt":{"rendered":"<p>Qui\u00e9nes somos Somos una Empresa mexicana con m\u00e1s de 10 a\u00f1os de experiencia Ofreciendo servicios y asesor\u00eda en el \u00e1rea de la construccion. Para nosotros es muy importante trabajar de la mano con nuestros clientes, conocer sus necesidades y asi buscar las mejores soluciones que&#8230;<\/p>\n","protected":false},"author":1,"featured_media":0,"parent":0,"menu_order":0,"comment_status":"closed","ping_status":"closed","template":"full_width.php","meta":{"footnotes":""},"_links":{"self":[{"href":"https:\/\/montriego.com\/index.php\/wp-json\/wp\/v2\/pages\/106"}],"collection":[{"href":"https:\/\/montriego.com\/index.php\/wp-json\/wp\/v2\/pages"}],"about":[{"href":"https:\/\/montriego.com\/index.php\/wp-json\/wp\/v2\/types\/page"}],"author":[{"embeddable":true,"href":"https:\/\/montriego.com\/index.php\/wp-json\/wp\/v2\/users\/1"}],"replies":[{"embeddable":true,"href":"https:\/\/montriego.com\/index.php\/wp-json\/wp\/v2\/comments?post=106"}],"version-history":[{"count":53,"href":"https:\/\/montriego.com\/index.php\/wp-json\/wp\/v2\/pages\/106\/revisions"}],"predecessor-version":[{"id":1687,"href":"https:\/\/montriego.com\/index.php\/wp-json\/wp\/v2\/pages\/106\/revisions\/1687"}],"wp:attachment":[{"href":"https:\/\/montriego.com\/index.php\/wp-json\/wp\/v2\/media?parent=106"}],"curies":[{"name":"wp","href":"https:\/\/api.w.org\/{rel}","templated":true}]}}